1
List the prime factors of 154913402.
2, 7, 179, 8831
List the prime factors of 190739672.
2, 461, 51719
What are the prime factors of 240437061?
3, 26715229
List the prime factors of 322768577.
322768577
What are the prime factors of 446724479?
41, 97, 112327
What are the prime factors of 262913208?
2, 3, 10954717
List the prime factors of 317647096.
2, 13, 3054299
List the prime factors of 7594583820.
2, 3, 5, 2963, 42719
List the prime factors of 131484530.
2, 5, 13148453
List the prime factors of 34322122.
2, 541, 31721
List the prime factors of 34173122.
2, 4027, 4243
What are the prime factors of 31479558?
2, 3, 11, 29, 16447
List the prime factors of 974793378.
2, 3, 13, 139, 89909
List the prime factors of 2098392334.
2, 11177, 93871
List the prime factors of 2667968874.
2, 3, 49406831
List the prime factors of 560540355.
3, 5, 73, 511909
List the prime factors of 727714505.
5, 7, 449, 46307
What are the prime factors of 48221865?
3, 5, 357199
List the prime factors of 114925921.
11, 163, 5827
List the prime factors of 8363743119.
3, 929304791
List the prime factors of 992948365.
5, 198589673
What are the prime factors of 866101941?
3, 17, 5660797
What are the prime factors of 252533672?
2, 31566709
What are the prime factors of 363979238?
2, 7, 19, 1368343
What are the prime factors of 366617329?
13, 389, 72497
List the prime factors of 164712052.
2, 31, 1328323
List the prime factors of 334237485.
3, 5, 2137, 10427
List the prime factors of 1249621073.
23, 54331351
What are the prime factors of 8161427890?
2, 5, 7, 11, 10599257
What are the prime factors of 135372355?
5, 1427, 18973
What are the prime factors of 49073828?
2, 47, 261031
List the prime factors of 160172538.
2, 3, 17, 1570319
What are the prime factors of 176670473?
7, 239, 105601
List the prime factors of 501708321.
3, 55745369
List the prime factors of 1689770250.
2, 3, 5, 7, 17, 6311
List the prime factors of 6063266.
2, 11, 197, 1399
List the prime factors of 826789066.
2, 19, 59, 368773
List the prime factors of 2272355224.
2, 284044403
What are the prime factors of 129066047?
11, 131, 89567
What are the prime factors of 333488490?
2, 3, 5, 17, 653899
What are the prime factors of 60374559?
3, 7, 2874979
What are the prime factors of 15561006?
2, 3, 83, 31247
List the prime factors of 3250463746.
2, 1625231873
List the prime factors of 483609180.
2, 3, 5, 8060153
What are the prime factors of 8340032?
2, 151, 863
List the prime factors of 1324904740.
2, 5, 73, 907469
What are the prime factors of 5629784463?
3, 6337, 98711
List the prime factors of 3073192741.
3073192741
List the prime factors of 1612375349.
13, 10399, 11927
What are the prime factors of 127827994?
2, 7, 149, 233, 263
List the prime factors of 36723402.
2, 3, 173, 3931
List the prime factors of 116180956.
2, 89, 326351
List the prime factors of 22868289.
3, 277, 9173
What are the prime factors of 37348045?
5, 7, 152441
What are the prime factors of 115597080?
2, 3, 5, 23, 607
List the prime factors of 777373373.
7, 47, 313, 7549
What are the prime factors of 40398378?
2, 3, 263, 25601
What are the prime factors of 3784920?
2, 3, 5, 31541
What are the prime factors of 4013055908?
2, 53, 18929509
List the prime factors of 11649063.
3, 17, 23, 9931
List the prime factors of 112411258.
2, 19, 23, 41, 3137
List the prime factors of 172835725.
5, 6913429
List the prime factors of 34824007.
17, 2048471
What are the prime factors of 1013712644?
2, 7, 109, 332147
What are the prime factors of 112466224?
2, 13, 540703
List the prime factors of 6838703690.
2, 5, 7, 13, 367, 20477
List the prime factors of 5362579278.
2, 3, 7, 43, 421, 2351
What are the prime factors of 396058956?
2, 3, 33004913
What are the prime factors of 11906703?
3, 440989
List the prime factors of 509611024.
2, 13, 163, 15031
List the prime factors of 2715402574.
2, 101, 2441, 5507
What are the prime factors of 104018080?
2, 5, 127, 5119
List the prime factors of 699322562.
2, 349661281
List the prime factors of 852516397.
852516397
List the prime factors of 457663452.
2, 3, 617, 61813
What are the prime factors of 1507857886?
2, 101, 809, 9227
What are the prime factors of 401092947?
3, 743, 59981
List the prime factors of 1014467654.
2, 197, 389, 6619
What are the prime factors of 499296259?
7, 11, 23, 257, 1097
List the prime factors of 531105866.
2, 265552933
List the prime factors of 603907731.
3, 7, 355031
List the prime factors of 3359929875.
3, 5, 653, 13721
What are the prime factors of 782638862?
2, 391319431
What are the prime factors of 685615828?
2, 167, 1026371
List the prime factors of 374422996.
2, 93605749
List the prime factors of 572309984.
2, 71, 251897
List the prime factors of 376865967.
3, 125621989
List the prime factors of 657480502.
2, 7, 79, 594467
List the prime factors of 33870590.
2, 5, 13, 260543
What are the prime factors of 22056874?
2, 7, 853, 1847
What are the prime factors of 6669072546?
2, 3, 41, 541, 50111
What are the prime factors of 1260447810?
2, 3, 5, 157, 267611
What are the prime factors of 51941958?
2, 3, 23, 29, 12979
What are the prime factors of 23701795?
5, 13, 364643
What are the prime factors of 130304838?
2, 3, 21717473
List the prime factors of 275074316.
2, 11, 107, 58427
What are the prime factors of 3109836641?
31, 131, 765781
What are the prime factors of 56440413?
3, 23, 272659
What are the prime factors of 1718104477?
25163, 68279
List the prime factors of 1607521147.
137, 229, 51239
What are the prime factors of 464335376?
2, 19, 563, 2713
What are the prime factors of 1648251369?
3, 23, 31, 85619
What are the prime factors of 4677353952?
2, 3, 131, 371927
What are the prime factors of 4587102979?
17, 269829587
List the prime factors of 11621957.
11621957
What are the prime factors of 195616295?
5, 7, 101, 55337
List the prime factors of 1025622016.
2, 59, 1061
List the prime factors of 20222450.
2, 5, 404449
What are the prime factors of 172803750?
2, 3, 5, 7, 29, 227
List the prime factors of 22035683.
37, 389, 1531
What are the prime factors of 349862036?
2, 87465509
What are the prime factors of 32818923?
3, 29, 125743
List the prime factors of 169532327.
7639, 22193
What are the prime factors of 6902209?
353, 19553
What are the prime factors of 1009833108?
2, 3, 227, 389, 953
List the prime factors of 119038260.
2, 3, 5, 11, 180361
What are the prime factors of 432518822?
2, 619, 349369
What are the prime factors of 588258944?
2, 7, 13, 50503
What are the prime factors of 1681998987?
3, 421, 1331749
List the prime factors of 64923557.
64923557
List the prime factors of 22072842.
2, 3, 11, 41, 2719
List the prime factors of 334258010.
2, 5, 59, 566539
List the prime factors of 24080200.
2, 5, 120401
What are the prime factors of 2387382077?
59, 211, 191773
List the prime factors of 54468680.
2, 5, 7, 17, 11443
What are the prime factors of 290033567?
2213, 131059
What are the prime factors of 1188287699?
47, 25282717
List the prime factors of 2249246155.
5, 13, 5683, 6089
What are the prime factors of 112376466?
2, 3, 113, 55249
List the prime factors of 1090141316.
2, 11, 24775939
What are the prime factors of 65006160?
2, 3, 5, 270859
What are the prime factors of 65637729?
3, 109, 22303
List the prime factors of 4507430.
2, 5, 643, 701
What are the prime factors of 394979608?
2, 49372451
What are the prime factors of 209793537?
3, 7770131
What are the prime factors of 188218233?
3, 7, 2987591
What are the prime factors of 46943164?
2, 1663, 7057
List the prime factors of 375579157.
43, 491, 17789
List the prime factors of 50594393.
83, 609571
List the prime factors of 2260346477.
97, 23302541
What are the prime factors of 171988166?
2, 7, 12284869
List the prime factors of 2798123987.
71, 39410197
List the prime factors of 33219042.
2, 3, 31, 178597
What are the prime factors of 1049594529?
3, 349864843
List the prime factors of 4213081970.
2, 5, 31, 1091, 12457
List the prime factors of 113415760.
2, 5, 23, 53, 1163
List the prime factors of 1647804627.
3, 7, 137, 2357
What are the prime factors of 83419895?
5, 13, 1283383
List the prime factors of 51206133.
3, 11, 1551701
List the prime factors of 3366571919.
59, 97, 761, 773
What are the prime factors of 4461362